{"id":418,"date":"2025-06-02T22:22:47","date_gmt":"2025-06-02T19:22:47","guid":{"rendered":"https:\/\/www.bybulut.com\/?post_type=product&#038;p=418"},"modified":"2026-04-07T15:34:42","modified_gmt":"2026-04-07T12:34:42","slug":"3lu-vazo-set","status":"publish","type":"product","link":"https:\/\/www.bybulut.com\/index.php\/urun\/3lu-vazo-set\/","title":{"rendered":"3&#8217;L\u00dc VAZO SET"},"content":{"rendered":"<p>\ud83c\udfa8 EL YAPIMI SANATIN ZARAFET\u0130YLE BULU\u015eUN!<br \/>\n\ud83c\udf3e BULUT TASARIM \u00d6ZEL SERAM\u0130K G\u00d6R\u00dcN\u00dcML\u00dc TA\u015e VAZOLAR \u015e\u0130MD\u0130 SATI\u015eTA!<\/p>\n<p>EV\u0130N\u0130ZE VEYA OF\u0130S\u0130N\u0130ZE DO\u011eALLIK KATAN, TAMAMEN EL YAPIMI, ESTET\u0130K VE \u015eIK TASARIM VAZOLARIMIZLA TANI\u015eIN!<br \/>\nHER B\u0130R VAZO, \u00d6ZENLE SE\u00c7\u0130LM\u0130\u015e KURU \u00c7\u0130\u00c7EKLERLE TAMAMLANARAK S\u0130ZE \u00d6ZEL HAZIRLANMI\u015eTIR.<\/p>\n<p>\ud83d\udd90 %100 HANDMADE \u2013 HER PAR\u00c7A TEK VE E\u015eS\u0130Z<br \/>\n\ud83d\udcab \u0130\u00c7 M\u0130MAR\u0130 DOKUNU\u015eLAR \u0130\u00c7\u0130N M\u00dcKEMMEL SE\u00c7\u0130M<br \/>\n\ud83c\udf3f DO\u011eAL, MODERN VE ZAMANSIZ TASARIM<\/p>\n<p>EV DEKORASYONUNDA FARK YARATMAK \u0130STEYENLER \u0130\u00c7\u0130N \u0130DEAL!<br \/>\nBULUT TASARIM AYRICALI\u011eIYLA HER DETAYDA SANATI H\u0130SSED\u0130N.<\/p>\n<p>&nbsp;<\/p>\n<p>T\u00dcM \u00dcR\u00dcNLER\u0130M\u0130Z DO\u011eAL \u0130\u00c7ER\u0130KLERLE \u00dcRET\u0130L\u0130R VE S\u0130PAR\u0130\u015eE \u00d6ZEL D\u00d6K\u00dcL\u00dcR.<\/p>\n<p>NOT: \u00dcR\u00dcNLER EL YAPIMIDIR; BU NEDENLE G\u00d6RSELLERLE B\u0130REB\u0130R UFAK FARKLILIKLAR G\u00d6STEREB\u0130L\u0130R.<\/p>\n","protected":false},"excerpt":{"rendered":"<p>\ud83c\udfa8 EL YAPIMI SANATIN ZARAFET\u0130YLE BULU\u015eUN!<\/p>\n","protected":false},"featured_media":422,"comment_status":"open","ping_status":"closed","template":"","meta":[],"product_brand":[],"product_cat":[16],"product_tag":[],"class_list":{"0":"post-418","1":"product","2":"type-product","3":"status-publish","4":"has-post-thumbnail","6":"product_cat-genel","8":"first","9":"instock","10":"shipping-taxable","11":"purchasable","12":"product-type-simple"},"jetpack_sharing_enabled":true,"_links":{"self":[{"href":"https:\/\/www.bybulut.com\/index.php\/wp-json\/wp\/v2\/product\/418","targetHints":{"allow":["GET"]}}],"collection":[{"href":"https:\/\/www.bybulut.com\/index.php\/wp-json\/wp\/v2\/product"}],"about":[{"href":"https:\/\/www.bybulut.com\/index.php\/wp-json\/wp\/v2\/types\/product"}],"replies":[{"embeddable":true,"href":"https:\/\/www.bybulut.com\/index.php\/wp-json\/wp\/v2\/comments?post=418"}],"wp:featuredmedia":[{"embeddable":true,"href":"https:\/\/www.bybulut.com\/index.php\/wp-json\/wp\/v2\/media\/422"}],"wp:attachment":[{"href":"https:\/\/www.bybulut.com\/index.php\/wp-json\/wp\/v2\/media?parent=418"}],"wp:term":[{"taxonomy":"product_brand","embeddable":true,"href":"https:\/\/www.bybulut.com\/index.php\/wp-json\/wp\/v2\/product_brand?post=418"},{"taxonomy":"product_cat","embeddable":true,"href":"https:\/\/www.bybulut.com\/index.php\/wp-json\/wp\/v2\/product_cat?post=418"},{"taxonomy":"product_tag","embeddable":true,"href":"https:\/\/www.bybulut.com\/index.php\/wp-json\/wp\/v2\/product_tag?post=418"}],"curies":[{"name":"wp","href":"https:\/\/api.w.org\/{rel}","templated":true}]}}