{"id":499,"date":"2025-07-09T21:21:32","date_gmt":"2025-07-09T18:21:32","guid":{"rendered":"https:\/\/www.bybulut.com\/?post_type=product&#038;p=499"},"modified":"2026-04-07T15:32:33","modified_gmt":"2026-04-07T12:32:33","slug":"yasemin-kokulu-3lu-beyaz-tas-mum-seti","status":"publish","type":"product","link":"https:\/\/www.bybulut.com\/index.php\/urun\/yasemin-kokulu-3lu-beyaz-tas-mum-seti\/","title":{"rendered":"YASEM\u0130N KOKULU 3\u2019L\u00dc BEYAZ TA\u015e MUM SET\u0130"},"content":{"rendered":"<p>&nbsp;<\/p>\n<p>DO\u011eALLI\u011eIN ZAR\u0130F HAL\u0130YLE BULU\u015eTU\u011eU BU YASEM\u0130N KOKULU 3\u2019L\u00dc TA\u015e MUM SET\u0130, HER ORTAMA HUZUR, \u015eIKLIK VE AROMATERAP\u0130 ETK\u0130S\u0130 KATMAK \u0130\u00c7\u0130N \u00d6ZENLE \u00dcRET\u0130LD\u0130.<br \/>\nEL D\u00d6K\u00dcM\u00dc BEYAZ TA\u015e KAPLAR, ZAR\u0130F ALTIN VE KALP DETAYLI S\u00dcSLEMELERLE TAMAMLANDI. \u0130\u00c7ER\u0130\u011e\u0130NDE Y\u00dcKSEK KAL\u0130TEL\u0130 SOYA WAX VE PARAF\u0130N KULLANILARAK DO\u011eA DOSTU B\u0130R \u00dcR\u00dcN ORTAYA \u00c7IKTI.<br \/>\nYUMU\u015eAK YASEM\u0130N KOKUSU, Z\u0130HN\u0130 D\u0130NG\u0130NLE\u015eT\u0130R\u0130RKEN YA\u015eAM ALANLARINIZA FERAHLIK VE ESTET\u0130K KAZANDIRIR. HEM DEKORAT\u0130F HEM DE \u0130\u015eLEVSEL OLAN BU \u00d6ZEL SET, SEVD\u0130KLER\u0130N\u0130ZE ANLAMLI B\u0130R HED\u0130YE SE\u00c7ENE\u011e\u0130D\u0130R.<\/p>\n<p>\ud83d\udccc EL YAPIMI<br \/>\n\ud83d\udccc SOYA WAX<br \/>\n\ud83d\udccc UZUN YANMA S\u00dcRES\u0130<br \/>\n\ud83d\udccc AROMATERAP\u0130 ETK\u0130L\u0130 YASEM\u0130N ESANSI<br \/>\n\ud83d\udccc MODERN VE DO\u011eAL TA\u015e TASARIM<\/p>\n<p>&nbsp;<\/p>\n<p>T\u00dcM \u00dcR\u00dcNLER\u0130M\u0130Z DO\u011eAL \u0130\u00c7ER\u0130KLERLE \u00dcRET\u0130L\u0130R VE S\u0130PAR\u0130\u015eE \u00d6ZEL D\u00d6K\u00dcL\u00dcR.<\/p>\n<p>NOT: \u00dcR\u00dcNLER EL YAPIMIDIR; BU NEDENLE G\u00d6RSELLERLE B\u0130REB\u0130R UFAK FARKLILIKLAR G\u00d6STEREB\u0130L\u0130R.<\/p>\n","protected":false},"excerpt":{"rendered":"<p>\ud83c\udf3f YASEM\u0130N KOKULU 3\u2019L\u00dc EL YAPIMI TA\u015e MUM SET\u0130 \u0130LE EV\u0130N\u0130ZE HUZUR KATIN.<br \/>\n\ud83d\udd6f UZUN YANMA S\u00dcRES\u0130, \u015eIK TASARIM.<br \/>\n\ud83c\udf81 DO\u011eAL, \u015eIK VE HED\u0130YEL\u0130K MUMLAR BULUT TASARIM\u2019DA\u00a0S\u0130Z\u0130\u00a0BEKL\u0130YOR<\/p>\n","protected":false},"featured_media":500,"comment_status":"open","ping_status":"closed","template":"","meta":[],"product_brand":[],"product_cat":[16],"product_tag":[],"class_list":{"0":"post-499","1":"product","2":"type-product","3":"status-publish","4":"has-post-thumbnail","6":"product_cat-genel","8":"first","9":"instock","10":"shipping-taxable","11":"purchasable","12":"product-type-simple"},"jetpack_sharing_enabled":true,"_links":{"self":[{"href":"https:\/\/www.bybulut.com\/index.php\/wp-json\/wp\/v2\/product\/499","targetHints":{"allow":["GET"]}}],"collection":[{"href":"https:\/\/www.bybulut.com\/index.php\/wp-json\/wp\/v2\/product"}],"about":[{"href":"https:\/\/www.bybulut.com\/index.php\/wp-json\/wp\/v2\/types\/product"}],"replies":[{"embeddable":true,"href":"https:\/\/www.bybulut.com\/index.php\/wp-json\/wp\/v2\/comments?post=499"}],"wp:featuredmedia":[{"embeddable":true,"href":"https:\/\/www.bybulut.com\/index.php\/wp-json\/wp\/v2\/media\/500"}],"wp:attachment":[{"href":"https:\/\/www.bybulut.com\/index.php\/wp-json\/wp\/v2\/media?parent=499"}],"wp:term":[{"taxonomy":"product_brand","embeddable":true,"href":"https:\/\/www.bybulut.com\/index.php\/wp-json\/wp\/v2\/product_brand?post=499"},{"taxonomy":"product_cat","embeddable":true,"href":"https:\/\/www.bybulut.com\/index.php\/wp-json\/wp\/v2\/product_cat?post=499"},{"taxonomy":"product_tag","embeddable":true,"href":"https:\/\/www.bybulut.com\/index.php\/wp-json\/wp\/v2\/product_tag?post=499"}],"curies":[{"name":"wp","href":"https:\/\/api.w.org\/{rel}","templated":true}]}}