{"id":646,"date":"2025-10-13T00:38:13","date_gmt":"2025-10-12T21:38:13","guid":{"rendered":"https:\/\/www.bybulut.com\/?post_type=product&#038;p=646"},"modified":"2026-04-07T15:26:34","modified_gmt":"2026-04-07T12:26:34","slug":"pembe-ayicik-bebek-hediyelik-mum","status":"publish","type":"product","link":"https:\/\/www.bybulut.com\/index.php\/urun\/pembe-ayicik-bebek-hediyelik-mum\/","title":{"rendered":"PEMBE AYICIK BEBEK HED\u0130YEL\u0130K MUM"},"content":{"rendered":"<p>&nbsp;<\/p>\n<p>PEMBE AYICIK BEBEK HED\u0130YEL\u0130K MUM, HASTANE \u00c7IKI\u015eI VEYA BEBEK G\u00d6RMEYE GELEN M\u0130SAF\u0130RLERE DA\u011eITMAK \u0130\u00c7\u0130N \u015eIK VE ANLAMLI B\u0130R HED\u0130YE SE\u00c7ENE\u011e\u0130D\u0130R.<\/p>\n<p>EL YAPIMI OLUP, ZAR\u0130F PEMBE TONLARI VE SEV\u0130ML\u0130 AYICIK F\u0130G\u00dcR\u00dcYLE BEBEK TEMALI ORGAN\u0130ZASYONLARA SICAK B\u0130R DOKUNU\u015e KATAR.<\/p>\n<p>MUM FORMUYLA SADECE DEKORAT\u0130F DE\u011e\u0130L, AYNI ZAMANDA HO\u015e B\u0130R AMB\u0130YANS DA SA\u011eLAR. BABY SHOWER, DO\u011eUM G\u00dcN\u00dc VEYA YEN\u0130 DO\u011eAN HATIRASI OLARAK TERC\u0130H ED\u0130LEB\u0130L\u0130R.<\/p>\n<p>\u015eEFFAF AMBALAJI, T\u00dcL DETAYI VE KURDELE S\u00dcS\u00dcYLE HAZIR HED\u0130YE G\u00d6R\u00dcN\u00dcM\u00dcNDED\u0130R.<\/p>\n<p>&nbsp;<\/p>\n<p>S\u0130PAR\u0130\u015e NOTUNA \u0130STED\u0130\u011e\u0130N\u0130Z RENG\u0130 BEL\u0130RT\u0130N\u0130Z.<\/p>\n<p>\u00dcR\u00dcN \u00c7OCUK A\u00c7ISINDAN KOKUSUZ YAPILMAKTADIR.<\/p>\n<p>TESL\u0130M S\u00dcRES\u0130 7-10 G\u00dcN ARASINDA S\u00dcRMEKTED\u0130R.<\/p>\n<p>&nbsp;<\/p>\n<p>&nbsp;<\/p>\n<blockquote>\n<h1><strong>\u00dcR\u00dcN M\u0130NUMUM S\u0130PAR\u0130\u015e M\u0130KTARI 25 ADETT\u0130R.TEKL\u0130 SATI\u015eI YOKTUR.<\/strong><\/h1>\n<\/blockquote>\n<p>&nbsp;<\/p>\n<p>T\u00dcM MUMLARIMIZ DO\u011eAL \u0130\u00c7ER\u0130KLERLE \u00dcRET\u0130L\u0130R VE S\u0130PAR\u0130\u015eE \u00d6ZEL D\u00d6K\u00dcL\u00dcR.<\/p>\n<p>NOT: \u00dcR\u00dcNLER EL YAPIMIDIR; BU NEDENLE G\u00d6RSELLERLE B\u0130REB\u0130R UFAK FARKLILIKLAR G\u00d6STEREB\u0130L\u0130R.<\/p>\n","protected":false},"excerpt":{"rendered":"<p>&nbsp; PEMBE AYICIK BEBEK HED\u0130YEL\u0130K MUM, HASTANE \u00c7IKI\u015eI VEYA BEBEK G\u00d6RMEYE GELEN M\u0130SAF\u0130RLERE DA\u011eITMAK \u0130\u00c7\u0130N \u015eIK VE ANLAMLI B\u0130R HED\u0130YE SE\u00c7ENE\u011e\u0130D\u0130R. EL YAPIMI OLUP, ZAR\u0130F PEMBE TONLARI VE SEV\u0130ML\u0130 AYICIK F\u0130G\u00dcR\u00dcYLE BEBEK TEMALI ORGAN\u0130ZASYONLARA SICAK B\u0130R DOKUNU\u015e KATAR. MUM FORMUYLA SADECE DEKORAT\u0130F DE\u011e\u0130L, AYNI ZAMANDA HO\u015e B\u0130R AMB\u0130YANS DA SA\u011eLAR. BABY SHOWER, DO\u011eUM G\u00dcN\u00dc VEYA<\/p>\n<div class=\"more-link\">\n             <a href=\"https:\/\/www.bybulut.com\/index.php\/urun\/pembe-ayicik-bebek-hediyelik-mum\/\" class=\"btn btn-theme\">Okumaya devam et<i class=\"fa fa-fw fa-long-arrow-right\"><\/i><\/a>\n        <\/div>\n","protected":false},"featured_media":642,"comment_status":"open","ping_status":"closed","template":"","meta":[],"product_brand":[],"product_cat":[16],"product_tag":[],"class_list":{"0":"post-646","1":"product","2":"type-product","3":"status-publish","4":"has-post-thumbnail","6":"product_cat-genel","8":"first","9":"instock","10":"shipping-taxable","11":"purchasable","12":"product-type-simple"},"jetpack_sharing_enabled":true,"_links":{"self":[{"href":"https:\/\/www.bybulut.com\/index.php\/wp-json\/wp\/v2\/product\/646","targetHints":{"allow":["GET"]}}],"collection":[{"href":"https:\/\/www.bybulut.com\/index.php\/wp-json\/wp\/v2\/product"}],"about":[{"href":"https:\/\/www.bybulut.com\/index.php\/wp-json\/wp\/v2\/types\/product"}],"replies":[{"embeddable":true,"href":"https:\/\/www.bybulut.com\/index.php\/wp-json\/wp\/v2\/comments?post=646"}],"wp:featuredmedia":[{"embeddable":true,"href":"https:\/\/www.bybulut.com\/index.php\/wp-json\/wp\/v2\/media\/642"}],"wp:attachment":[{"href":"https:\/\/www.bybulut.com\/index.php\/wp-json\/wp\/v2\/media?parent=646"}],"wp:term":[{"taxonomy":"product_brand","embeddable":true,"href":"https:\/\/www.bybulut.com\/index.php\/wp-json\/wp\/v2\/product_brand?post=646"},{"taxonomy":"product_cat","embeddable":true,"href":"https:\/\/www.bybulut.com\/index.php\/wp-json\/wp\/v2\/product_cat?post=646"},{"taxonomy":"product_tag","embeddable":true,"href":"https:\/\/www.bybulut.com\/index.php\/wp-json\/wp\/v2\/product_tag?post=646"}],"curies":[{"name":"wp","href":"https:\/\/api.w.org\/{rel}","templated":true}]}}